 divisor of n and 494?
26
Let m = -14 + 16. Suppose 0 = -z + 4*i + 49 - 19, m*z - 4*i - 40 = 0. Suppose z*a - 15*a = -105. What is the greatest common divisor of a and 168?
21
Let j be 1 + 162 + (1 - 2). Let h = -8129 - -8147. What is the highest common divisor of h and j?
18
Let z be -27*5*(-1652)/210. What is the highest common factor of z and 59?
59
Suppose -2*i - 14*i + 18560 = 16*i. Calculate the greatest common factor of 320 and i.
20
Suppose -210384*h - 140576 = -210400*h. Calculate the greatest common divisor of h and 46.
46
Let c = -5127 - -9151. Calculate the greatest common factor of 8 and c.
8
Let y(c) = -6*c**2 - 164*c - 800. Let r be y(-8). What is the highest common divisor of 7648 and r?
32
Let o be (-1310)/(-35) + 39/(-91). Calculate the greatest common factor of o and 925.
37
Let x(v) = -v**3 - 14*v**2 + 311*v + 20. Let r be x(12). Let y(u) = -u**3 - 5*u**2 - 5*u + 3. Let d be y(-7). Calculate the highest common factor of d and r.
8
Suppose -p - 12 = 5*r, -2*r + 46 = 2*p - 6*r. Suppose 0*q + 1873 = 5*b - 4*q, 2*b - 5*q - 739 = 0. What is the highest common factor of b and p?
13
Suppose -23*r - 34 = -28*r - 4*k, 0 = -4*r - 4*k + 24. Calculate the highest common factor of r and 410.
10
Suppose 0 = 2*k - 248 - 296. Let a = 23 - -9. Calculate the greatest common divisor of a and k.
16
Suppose -121*n + 3430 + 6129 = 0. Calculate the highest common factor of n and 12877.
79
Let v(t) = -t**3 + 15*t**2 + 6*t - 10. Let n be v(15). Suppose 389*d - n = 387*d. Calculate the highest common factor of 520 and d.
40
Suppose 2168*g - 2126*g - 40110 = 0. Calculate the highest common factor of 3247 and g.
191
Let g be -6*(10/4)/(-5). Suppose 17*v = 12*v + 4*r + 92, g*v = 4*r + 60. What is the highest common divisor of v and 272?
16
Suppose -610994 = 15*a - 115*a - 55194. Calculate the highest common divisor of 28 and a.
14
Let d(w) = -w**3 + 3*w**2 + 3. Let f be d(3). Suppose 2*n = 283 - f. Suppose 0 = 104*o + 111*o - 275*o + 1200. What is the greatest common divisor of o and n?
20
Suppose 2*t = -5*y + 1223, 5*t + 2476 = 9*t + 4*y. Let l be (-955)/(-20) - 0 - (-1)/4. What is the greatest common divisor of t and l?
48
Let f be (-5)/(((-15)/270)/(2/2)). Let c = f - 85. Calculate the highest common divisor of 85 and c.
5
Let m = 476 - 551. Let f be (-100)/m*186/8. What is the highest common divisor of 589 and f?
31
Suppose -2*q - 1528 = -4*z, -3*z + 7*q + 1136 = 3*q. Let g = -134 + z. What is the greatest common factor of g and 10?
10
Suppose 2*q - 2*z = 1088, 26 - 1114 = -2*q - 5*z. What is the greatest common factor of q and 864?
32
Let i be (39/12)/(1/8). Suppose -5*w - 10 = -5*y, -w - 5 + 3 = -2*y. Suppose 18*m - 26*m + 416 = y. What is the greatest common factor of i and m?
26
Suppose 68*x = 59*x + 3060. Suppose -13*t + x = -8*t. What is the greatest common divisor of t and 1292?
68
Let y = -167 - -297. Let o be (0 + (-1)/(-3))*15. Suppose 0*r - 2*g + 44 = r, o*g + 280 = 5*r. Calculate the highest common divisor of r and y.
26
Let b = 441 - 435. Suppose 3*d + 3*g = b*g + 36, 0 = 2*d + g - 36. What is the greatest common factor of d and 8?
8
Let q(h) = -2*h**2 - 11*h - 7. Let f be q(-5). Let x be 0/f*1*(-2)/(-4). Suppose -3*l - 23 + 764 = x. Calculate the highest common divisor of l and 19.
19
Let u be (-2)/(-3)*(-253605)/(-530). Calculate the greatest common factor of 11 and u.
11
Let u(z) be the third derivative of -z**4/24 - 2*z**3 - 4*z**2. Let q be u(-24). Let v be ((-8)/q)/(4/(-528)). What is the greatest common divisor of 8 and v?
8
Let r be 30/12*(5 + -3). Suppose v + 1 = -n, v - r*n - 17 = -0*n. Calculate the highest common divisor of 38 and v.
2
Let f = 9 + 6. Let s(j) = j**3 + 23*j**2 - 24*j - 267. Let u be s(-23). What is the highest common factor of f and u?
15
Let z = -33 + 51. Suppose -1250 + 7298 = 28*r. Calculate the greatest common factor of r and z.
18
Let c be (7*-82)/(-2) + (19 - 13). Suppose -5*v + 2371 = 2*o + c, -2*v - 4*o = -828. What is the greatest common factor of 13 and v?
13
Let w(b) = 5*b + 11*b + 6*b - 3*b - 195 + 20. Let p be w(10). Calculate the greatest common divisor of p and 645.
15
Suppose -3*w = 155*l - 153*l - 5517, -13812 = -5*l - w. What is the greatest common factor of l and 9?
9
Suppose -4*m - h + 10 = 0, -4*m + 9*h = 6*h - 2. What is the highest common divisor of m and 1398?
2
Let d(b) = -b**3 - 35*b**2 + 147*b - 3. Let x be d(-39). Let c = 21 - 9. Calculate the highest common divisor of c and x.
12
Suppose 80 + 16 = 16*c. Suppose -5*y - c = -21. Let h be (-6)/15 - 122/(-5). Calculate the highest common factor of y and h.
3
Suppose -146 = -3*t + 5*y, -t + 5*y - 1537 + 1599 = 0. What is the greatest common divisor of 1281 and t?
21
Let r be 7/(6 - -1) - (0 - 59). Let q = -264 - -288. What is the greatest common divisor of q and r?
12
Let s be (13696/(-1070))/(4/(-105)). What is the greatest common factor of s and 658?
14
Let c = -8565 + 8751. What is the highest common factor of c and 930?
186
Suppose 1467 - 10141 = -150*w + 7826. Let t(v) = 2*v - 1. Let u be t(3). Let r(o) = -o**2 + 7*o. Let f be r(u). What is the highest common factor of w and f?
10
Let g be -11 + 955 - (1 - -2). Suppose -436 - g = -17*x. What is the greatest common divisor of x and 72?
9
Let z(h) = -h**2 + 5*h - 2. Let c be z(4). Suppose c*k = 5*k. Suppose k = n + 2*n - 81. What is the greatest common divisor of 3 and n?
3
Suppose 75 = 12*r - 285. Suppose -86 = -5*k + v, 3*k - 17 = 4*v + 21. Calculate the greatest common divisor of r and k.
6
Let k(x) = 78*x**2 + x - 1. Let t be k(1). Suppose 3*h + t = 366. Let c be 23/((-161)/(-91)) - -11*(-5 - -6). Calculate the highest common divisor of h and c.
24
Suppose -23*b - 74*b = -225 - 7341. Let x(p) = -p**3 + 15*p**2 - 4*p + 8. Let d be x(10). Calculate the highest common factor of b and d.
78
Suppose -3822 = -167*k + 76*k. Let x = 49 - 21. Calculate the highest common divisor of k and x.
14
Let h be (-30)/(-900) + 180895/150. What is the highest common divisor of 30 and h?
6
Let l = -25 - -71. Let d(k) = -4*k**2 + 25*k - 27. Let w be d(9). Let t = 402 + w. What is the highest common factor of t and l?
46
Let j(c) = -131*c + 12. Let y = -117 + 248. Let i = y - 132. Let v be j(i). Calculate the greatest common divisor of 13 and v.
13
Let c = 8769 - 8763. Calculate the greatest common factor of 474 and c.
6
Let q be (912492/56)/(-17)*2/(-1). What is the highest common divisor of q and 72?
9
Suppose -274*a + 178361 = -145781. Calculate the greatest common divisor of 117 and a.
13
Suppose 5*j = 250 + 605. Suppose -o - 5*f = -29, 6*o - f - 41 = o. What is the highest common factor of o and j?
9
Let q be (90/((-65)/13))/(6/(-1984)). Calculate the greatest common divisor of 93 and q.
93
Let v = -41077 + 41172. Calculate the greatest common divisor of 2185 and v.
95
Let c be (-180)/(-24) - (-4)/8. Calculate the highest common factor of c and 376.
8
Suppose -51520 = 102*s - 242*s. Calculate the highest common divisor of 184 and s.
184
Let y(v) = 7*v**2 + 168*v - 87. Let q be y(-29). What is the greatest common factor of 800 and q?
32
Let c be 762/4*34/51. Let k = c - 71. Calculate the highest common factor of 504 and k.
56
Suppose 0 = -3*j + 27 + 6. Let q = j - -7. Suppose -531*s + 3014 = -172. Calculate the highest common factor of s and q.
6
Let s(k) be the second derivative of 5*k**3/6 - 11*k**2 + 74*k. Let d be s(10). What is the highest common factor of d and 7?
7
Let l = 37 + -21. Let u(h) = 11*h + 25. Let z be u(17). Let f = 276 - z. What is the highest common divisor of l and f?
16
Let z be (-245360)/(-90) + 30/(-135). What is the highest common divisor of 116 and z?
58
Let g(l) = 10*l. Let p be g(5). Let z = 139413 + -139188. Calculate the highest common factor of z and p.
25
Suppose 4*i - 4*z - 164 = 0, 2*i - 4*z - 92 = -10. Let t = i - 50. Let k(w) = -4*w + 14. Let o be k(t). Calculate the greatest common factor of 10 and o.
10
Suppose -22*d = -16*d - 6924. Suppose 8*t - d = -370. Calculate the highest common divisor of t and 28.
14
Suppose 0 = 3*u + 2*n - 25, -2*u - 5*n + 11 = -2. Calculate the greatest common factor of u and 3132.
9
Suppose -g + 3*l = -5*g - 18, 0 = -l + 2. Let z be 3*(2/g)/(5/(-190)). Suppose o - 13 = 6. Calculate the highest common factor of z and o.
19
Let